
{"id":229,"date":"2019-02-17T08:59:12","date_gmt":"2019-02-17T07:59:12","guid":{"rendered":"http:\/\/stlanglade.fr\/?page_id=229"},"modified":"2019-11-05T18:48:20","modified_gmt":"2019-11-05T17:48:20","slug":"procedure-vente-achat-darme","status":"publish","type":"page","link":"https:\/\/stlanglade.fr\/?page_id=229","title":{"rendered":"Proc\u00e9dure vente\/achat d\u2019arme"},"content":{"rendered":"\n<p>Vous trouverez toutes les proc\u00e9dures sur le site de la pr\u00e9fecture du Gard.<\/p>\n\n\n\n<p>Le site est clair et pr\u00e9cis en fonction de la cat\u00e9gorie et sous cat\u00e9gorie de l&rsquo;arme.<\/p>\n\n\n\n<figure class=\"wp-block-image\"><a href=\"http:\/\/www.gard.gouv.fr\/Demarches-administratives\/Autres-demarches\/Acquisition-et-detention-d-armes\/Acquisition-et-detention-d-armes#!\/Particuliers\/page\/N287\" target=\"_blank\" rel=\"noreferrer noopener\"><img loading=\"lazy\" decoding=\"async\" width=\"1024\" height=\"486\" src=\"https:\/\/stlanglade.fr\/wp-content\/uploads\/2019\/03\/gard.gouv_.fr_-1024x486.jpg\" alt=\"\" class=\"wp-image-494\" srcset=\"https:\/\/stlanglade.fr\/wp-content\/uploads\/2019\/03\/gard.gouv_.fr_-1024x486.jpg 1024w, https:\/\/stlanglade.fr\/wp-content\/uploads\/2019\/03\/gard.gouv_.fr_-300x142.jpg 300w, https:\/\/stlanglade.fr\/wp-content\/uploads\/2019\/03\/gard.gouv_.fr_-768x364.jpg 768w, https:\/\/stlanglade.fr\/wp-content\/uploads\/2019\/03\/gard.gouv_.fr_.jpg 1134w\" sizes=\"auto, (max-width: 767px) 89vw, (max-width: 1000px) 54vw, (max-width: 1071px) 543px, 580px\" \/><\/a><\/figure>\n\n\n\n<p><a rel=\"noreferrer noopener\" aria-label=\" (s\u2019ouvre dans un nouvel onglet)\" href=\"http:\/\/www.gard.gouv.fr\/Demarches-administratives\/Autres-demarches\/Acquisition-et-detention-d-armes\/Acquisition-et-detention-d-armes#!\/Particuliers\/page\/N287\" target=\"_blank\">http:\/\/www.gard.gouv.fr\/Demarches-administratives\/Autres-demarches\/Acquisition-et-detention-d-armes\/Acquisition-et-detention-d-armes#!\/Particuliers\/page\/N287<\/a><\/p>\n\n\n\n<h4 class=\"wp-block-heading\">Nouveaut\u00e9 : <\/h4>\n\n\n\n<p>Les proc\u00e9dures concernant les armuriers vont prochainement changer avec le <a href=\"https:\/\/www.interieur.gouv.fr\/content\/download\/119509\/958398\/file\/CP%20pr%C3%A9sentation%20du%20SIA.pdf\">Syst\u00e8me d&rsquo;Information sur les Armes (SIA)<\/a><\/p>\n<div class=\"pvc_clear\"><\/div><p id=\"pvc_stats_229\" class=\"pvc_stats all  \" data-element-id=\"229\" style=\"\"><i class=\"pvc-stats-icon medium\" aria-hidden=\"true\"><svg aria-hidden=\"true\" focusable=\"false\" data-prefix=\"far\" data-icon=\"chart-bar\" role=\"img\" xmlns=\"http:\/\/www.w3.org\/2000\/svg\" viewBox=\"0 0 512 512\" class=\"svg-inline--fa fa-chart-bar fa-w-16 fa-2x\"><path fill=\"currentColor\" d=\"M396.8 352h22.4c6.4 0 12.8-6.4 12.8-12.8V108.8c0-6.4-6.4-12.8-12.8-12.8h-22.4c-6.4 0-12.8 6.4-12.8 12.8v230.4c0 6.4 6.4 12.8 12.8 12.8zm-192 0h22.4c6.4 0 12.8-6.4 12.8-12.8V140.8c0-6.4-6.4-12.8-12.8-12.8h-22.4c-6.4 0-12.8 6.4-12.8 12.8v198.4c0 6.4 6.4 12.8 12.8 12.8zm96 0h22.4c6.4 0 12.8-6.4 12.8-12.8V204.8c0-6.4-6.4-12.8-12.8-12.8h-22.4c-6.4 0-12.8 6.4-12.8 12.8v134.4c0 6.4 6.4 12.8 12.8 12.8zM496 400H48V80c0-8.84-7.16-16-16-16H16C7.16 64 0 71.16 0 80v336c0 17.67 14.33 32 32 32h464c8.84 0 16-7.16 16-16v-16c0-8.84-7.16-16-16-16zm-387.2-48h22.4c6.4 0 12.8-6.4 12.8-12.8v-70.4c0-6.4-6.4-12.8-12.8-12.8h-22.4c-6.4 0-12.8 6.4-12.8 12.8v70.4c0 6.4 6.4 12.8 12.8 12.8z\" class=\"\"><\/path><\/svg><\/i> <img loading=\"lazy\" decoding=\"async\" width=\"16\" height=\"16\" alt=\"Loading\" src=\"https:\/\/stlanglade.fr\/wp-content\/plugins\/page-views-count\/ajax-loader-2x.gif\" border=0 \/><\/p><div class=\"pvc_clear\"><\/div>","protected":false},"excerpt":{"rendered":"<p>Vous trouverez toutes les proc\u00e9dures sur le site de la pr\u00e9fecture du Gard. Le site est clair et pr\u00e9cis en fonction de la cat\u00e9gorie et sous cat\u00e9gorie de l&rsquo;arme. http:\/\/www.gard.gouv.fr\/Demarches-administratives\/Autres-demarches\/Acquisition-et-detention-d-armes\/Acquisition-et-detention-d-armes#!\/Particuliers\/page\/N287 &hellip; <\/p>\n<p class=\"link-more\"><a href=\"https:\/\/stlanglade.fr\/?page_id=229\" class=\"more-link\">Continuer la lecture<span class=\"screen-reader-text\"> de &laquo;&nbsp;Proc\u00e9dure vente\/achat d\u2019arme&nbsp;&raquo;<\/span><\/a><\/p>\n<div class=\"pvc_clear\"><\/div>\n<p id=\"pvc_stats_229\" class=\"pvc_stats all  \" data-element-id=\"229\" style=\"\"><i class=\"pvc-stats-icon medium\" aria-hidden=\"true\"><svg aria-hidden=\"true\" focusable=\"false\" data-prefix=\"far\" data-icon=\"chart-bar\" role=\"img\" xmlns=\"http:\/\/www.w3.org\/2000\/svg\" viewBox=\"0 0 512 512\" class=\"svg-inline--fa fa-chart-bar fa-w-16 fa-2x\"><path fill=\"currentColor\" d=\"M396.8 352h22.4c6.4 0 12.8-6.4 12.8-12.8V108.8c0-6.4-6.4-12.8-12.8-12.8h-22.4c-6.4 0-12.8 6.4-12.8 12.8v230.4c0 6.4 6.4 12.8 12.8 12.8zm-192 0h22.4c6.4 0 12.8-6.4 12.8-12.8V140.8c0-6.4-6.4-12.8-12.8-12.8h-22.4c-6.4 0-12.8 6.4-12.8 12.8v198.4c0 6.4 6.4 12.8 12.8 12.8zm96 0h22.4c6.4 0 12.8-6.4 12.8-12.8V204.8c0-6.4-6.4-12.8-12.8-12.8h-22.4c-6.4 0-12.8 6.4-12.8 12.8v134.4c0 6.4 6.4 12.8 12.8 12.8zM496 400H48V80c0-8.84-7.16-16-16-16H16C7.16 64 0 71.16 0 80v336c0 17.67 14.33 32 32 32h464c8.84 0 16-7.16 16-16v-16c0-8.84-7.16-16-16-16zm-387.2-48h22.4c6.4 0 12.8-6.4 12.8-12.8v-70.4c0-6.4-6.4-12.8-12.8-12.8h-22.4c-6.4 0-12.8 6.4-12.8 12.8v70.4c0 6.4 6.4 12.8 12.8 12.8z\" class=\"\"><\/path><\/svg><\/i> <img loading=\"lazy\" decoding=\"async\" width=\"16\" height=\"16\" alt=\"Loading\" src=\"https:\/\/stlanglade.fr\/wp-content\/plugins\/page-views-count\/ajax-loader-2x.gif\" border=0 \/><\/p>\n<div class=\"pvc_clear\"><\/div>\n","protected":false},"author":5,"featured_media":0,"parent":0,"menu_order":0,"comment_status":"closed","ping_status":"closed","template":"","meta":{"footnotes":""},"class_list":["post-229","page","type-page","status-publish","hentry"],"_links":{"self":[{"href":"https:\/\/stlanglade.fr\/index.php?rest_route=\/wp\/v2\/pages\/229","targetHints":{"allow":["GET"]}}],"collection":[{"href":"https:\/\/stlanglade.fr\/index.php?rest_route=\/wp\/v2\/pages"}],"about":[{"href":"https:\/\/stlanglade.fr\/index.php?rest_route=\/wp\/v2\/types\/page"}],"author":[{"embeddable":true,"href":"https:\/\/stlanglade.fr\/index.php?rest_route=\/wp\/v2\/users\/5"}],"replies":[{"embeddable":true,"href":"https:\/\/stlanglade.fr\/index.php?rest_route=%2Fwp%2Fv2%2Fcomments&post=229"}],"version-history":[{"count":4,"href":"https:\/\/stlanglade.fr\/index.php?rest_route=\/wp\/v2\/pages\/229\/revisions"}],"predecessor-version":[{"id":727,"href":"https:\/\/stlanglade.fr\/index.php?rest_route=\/wp\/v2\/pages\/229\/revisions\/727"}],"wp:attachment":[{"href":"https:\/\/stlanglade.fr\/index.php?rest_route=%2Fwp%2Fv2%2Fmedia&parent=229"}],"curies":[{"name":"wp","href":"https:\/\/api.w.org\/{rel}","templated":true}]}}

Procédure vente/achat d’arme

<p>Vous trouverez toutes les procédures sur le site de la préfecture du Gard.</p>



<p>Le site est clair et précis en fonction de la catégorie et sous catégorie de l&rsquo;arme.</p>



<figure class="wp-block-image"><a href="http://www.gard.gouv.fr/Demarches-administratives/Autres-demarches/Acquisition-et-detention-d-armes/Acquisition-et-detention-d-armes#!/Particuliers/page/N287" target="_blank" rel="noreferrer noopener"><img loading="lazy" decoding="async" width="1024" height="486" src="https://stlanglade.fr/wp-content/uploads/2019/03/gard.gouv_.fr_-1024x486.jpg" alt="" class="wp-image-494" srcset="https://stlanglade.fr/wp-content/uploads/2019/03/gard.gouv_.fr_-1024x486.jpg 1024w, https://stlanglade.fr/wp-content/uploads/2019/03/gard.gouv_.fr_-300x142.jpg 300w, https://stlanglade.fr/wp-content/uploads/2019/03/gard.gouv_.fr_-768x364.jpg 768w, https://stlanglade.fr/wp-content/uploads/2019/03/gard.gouv_.fr_.jpg 1134w" sizes="auto, (max-width: 767px) 89vw, (max-width: 1000px) 54vw, (max-width: 1071px) 543px, 580px" /></a></figure>



<p><a rel="noreferrer noopener" aria-label=" (s’ouvre dans un nouvel onglet)" href="http://www.gard.gouv.fr/Demarches-administratives/Autres-demarches/Acquisition-et-detention-d-armes/Acquisition-et-detention-d-armes#!/Particuliers/page/N287" target="_blank">http://www.gard.gouv.fr/Demarches-administratives/Autres-demarches/Acquisition-et-detention-d-armes/Acquisition-et-detention-d-armes#!/Particuliers/page/N287</a></p>



<h4 class="wp-block-heading">Nouveauté : </h4>



<p>Les procédures concernant les armuriers vont prochainement changer avec le <a href="https://www.interieur.gouv.fr/content/download/119509/958398/file/CP%20pr%C3%A9sentation%20du%20SIA.pdf">Système d&rsquo;Information sur les Armes (SIA)</a></p>
<div class="pvc_clear"></div><p id="pvc_stats_229" class="pvc_stats all  " data-element-id="229" style=""><i class="pvc-stats-icon medium" aria-hidden="true"><svg aria-hidden="true" focusable="false" data-prefix="far" data-icon="chart-bar" role="img" xmlns="http://www.w3.org/2000/svg" viewBox="0 0 512 512" class="svg-inline--fa fa-chart-bar fa-w-16 fa-2x"><path fill="currentColor" d="M396.8 352h22.4c6.4 0 12.8-6.4 12.8-12.8V108.8c0-6.4-6.4-12.8-12.8-12.8h-22.4c-6.4 0-12.8 6.4-12.8 12.8v230.4c0 6.4 6.4 12.8 12.8 12.8zm-192 0h22.4c6.4 0 12.8-6.4 12.8-12.8V140.8c0-6.4-6.4-12.8-12.8-12.8h-22.4c-6.4 0-12.8 6.4-12.8 12.8v198.4c0 6.4 6.4 12.8 12.8 12.8zm96 0h22.4c6.4 0 12.8-6.4 12.8-12.8V204.8c0-6.4-6.4-12.8-12.8-12.8h-22.4c-6.4 0-12.8 6.4-12.8 12.8v134.4c0 6.4 6.4 12.8 12.8 12.8zM496 400H48V80c0-8.84-7.16-16-16-16H16C7.16 64 0 71.16 0 80v336c0 17.67 14.33 32 32 32h464c8.84 0 16-7.16 16-16v-16c0-8.84-7.16-16-16-16zm-387.2-48h22.4c6.4 0 12.8-6.4 12.8-12.8v-70.4c0-6.4-6.4-12.8-12.8-12.8h-22.4c-6.4 0-12.8 6.4-12.8 12.8v70.4c0 6.4 6.4 12.8 12.8 12.8z" class=""></path></svg></i> <img loading="lazy" decoding="async" width="16" height="16" alt="Loading" src="https://stlanglade.fr/wp-content/plugins/page-views-count/ajax-loader-2x.gif" border=0 /></p><div class="pvc_clear"></div>

<p>Vous trouverez toutes les procédures sur le site de la préfecture du Gard. Le site est clair et précis en fonction de la catégorie et sous catégorie de l&rsquo;arme. http://www.gard.gouv.fr/Demarches-administratives/Autres-demarches/Acquisition-et-detention-d-armes/Acquisition-et-detention-d-armes#!/Particuliers/page/N287 &hellip; </p>
<p class="link-more"><a href="https://stlanglade.fr/?page_id=229" class="more-link">Continuer la lecture<span class="screen-reader-text"> de &laquo;&nbsp;Procédure vente/achat d’arme&nbsp;&raquo;</span></a></p>
<div class="pvc_clear"></div>
<p id="pvc_stats_229" class="pvc_stats all  " data-element-id="229" style=""><i class="pvc-stats-icon medium" aria-hidden="true"><svg aria-hidden="true" focusable="false" data-prefix="far" data-icon="chart-bar" role="img" xmlns="http://www.w3.org/2000/svg" viewBox="0 0 512 512" class="svg-inline--fa fa-chart-bar fa-w-16 fa-2x"><path fill="currentColor" d="M396.8 352h22.4c6.4 0 12.8-6.4 12.8-12.8V108.8c0-6.4-6.4-12.8-12.8-12.8h-22.4c-6.4 0-12.8 6.4-12.8 12.8v230.4c0 6.4 6.4 12.8 12.8 12.8zm-192 0h22.4c6.4 0 12.8-6.4 12.8-12.8V140.8c0-6.4-6.4-12.8-12.8-12.8h-22.4c-6.4 0-12.8 6.4-12.8 12.8v198.4c0 6.4 6.4 12.8 12.8 12.8zm96 0h22.4c6.4 0 12.8-6.4 12.8-12.8V204.8c0-6.4-6.4-12.8-12.8-12.8h-22.4c-6.4 0-12.8 6.4-12.8 12.8v134.4c0 6.4 6.4 12.8 12.8 12.8zM496 400H48V80c0-8.84-7.16-16-16-16H16C7.16 64 0 71.16 0 80v336c0 17.67 14.33 32 32 32h464c8.84 0 16-7.16 16-16v-16c0-8.84-7.16-16-16-16zm-387.2-48h22.4c6.4 0 12.8-6.4 12.8-12.8v-70.4c0-6.4-6.4-12.8-12.8-12.8h-22.4c-6.4 0-12.8 6.4-12.8 12.8v70.4c0 6.4 6.4 12.8 12.8 12.8z" class=""></path></svg></i> <img loading="lazy" decoding="async" width="16" height="16" alt="Loading" src="https://stlanglade.fr/wp-content/plugins/page-views-count/ajax-loader-2x.gif" border=0 /></p>
<div class="pvc_clear"></div>
