
{"id":242,"date":"2019-02-20T14:51:43","date_gmt":"2019-02-20T13:51:43","guid":{"rendered":"http:\/\/stlanglade.fr\/?page_id=242"},"modified":"2025-01-25T14:28:19","modified_gmt":"2025-01-25T13:28:19","slug":"tarif-inscription","status":"publish","type":"page","link":"https:\/\/stlanglade.fr\/?page_id=242","title":{"rendered":"Tarif annuel club"},"content":{"rendered":"\n<p>Saison 2025-2026<\/p>\n\n\n\n<p>Tarifs d&rsquo;inscription \/ renouvellement (mise \u00e0 jour 2025) :<\/p>\n\n\n\n<ul class=\"wp-block-list\">\n<li>Mineur : 110\u20ac<\/li>\n\n\n\n<li>Etudiant : 140\u20ac (sur pr\u00e9sentation carte \u00e9tudiant)<\/li>\n\n\n\n<li>Adulte : 220 \u20ac<\/li>\n\n\n\n<li>Droit d&rsquo;entr\u00e9e (payable la premi\u00e8re ann\u00e9e): 200\u20ac<\/li>\n\n\n\n<li>Second club : 150\u20ac (places limit\u00e9es \u00e0 25 places)<\/li>\n\n\n\n<li>Carte de membre (badge) : 15\u20ac<\/li>\n<\/ul>\n\n\n\n<p class=\"has-vivid-red-color has-very-dark-gray-background-color has-text-color has-background has-medium-font-size\"><strong> <strong>Pour les saisons 2024-2025 <strong>et 2025-2026<\/strong><\/strong><\/strong> <strong><strong>les inscriptions sont encore ferm\u00e9es<\/strong><\/strong><\/p>\n\n\n\n<h2 class=\"wp-block-heading\">Renouvellement de cotisation<\/h2>\n\n\n\n<p>Vous pouvez renouveller votre cotisation annuelle par virement : si vous n&rsquo;avez pas d\u00e9j\u00e0 le RIB du club, <a href=\"https:\/\/stlanglade.fr\/?page_id=132\">contactez nous<\/a><\/p>\n\n\n\n<p>Pensez bien \u00e0 noter dans le commentaire de votre virement \u00ab\u00a0COTISATION\u00a0\u00bb avec votre nom \/ pr\u00e9nom pour faciliter le traitement de votre renouvellement de licence<\/p>\n\n\n\n<p class=\"has-text-color\" style=\"color:#ffffff;font-size:1px\">\n\nSoci\u00e9t\u00e9 de tir de Langlade Serge Boissier. Club de tir. Stand de Tir Langlade\n\n<\/p>\n<div class=\"pvc_clear\"><\/div><p id=\"pvc_stats_242\" class=\"pvc_stats all  \" data-element-id=\"242\" style=\"\"><i class=\"pvc-stats-icon medium\" aria-hidden=\"true\"><svg aria-hidden=\"true\" focusable=\"false\" data-prefix=\"far\" data-icon=\"chart-bar\" role=\"img\" xmlns=\"http:\/\/www.w3.org\/2000\/svg\" viewBox=\"0 0 512 512\" class=\"svg-inline--fa fa-chart-bar fa-w-16 fa-2x\"><path fill=\"currentColor\" d=\"M396.8 352h22.4c6.4 0 12.8-6.4 12.8-12.8V108.8c0-6.4-6.4-12.8-12.8-12.8h-22.4c-6.4 0-12.8 6.4-12.8 12.8v230.4c0 6.4 6.4 12.8 12.8 12.8zm-192 0h22.4c6.4 0 12.8-6.4 12.8-12.8V140.8c0-6.4-6.4-12.8-12.8-12.8h-22.4c-6.4 0-12.8 6.4-12.8 12.8v198.4c0 6.4 6.4 12.8 12.8 12.8zm96 0h22.4c6.4 0 12.8-6.4 12.8-12.8V204.8c0-6.4-6.4-12.8-12.8-12.8h-22.4c-6.4 0-12.8 6.4-12.8 12.8v134.4c0 6.4 6.4 12.8 12.8 12.8zM496 400H48V80c0-8.84-7.16-16-16-16H16C7.16 64 0 71.16 0 80v336c0 17.67 14.33 32 32 32h464c8.84 0 16-7.16 16-16v-16c0-8.84-7.16-16-16-16zm-387.2-48h22.4c6.4 0 12.8-6.4 12.8-12.8v-70.4c0-6.4-6.4-12.8-12.8-12.8h-22.4c-6.4 0-12.8 6.4-12.8 12.8v70.4c0 6.4 6.4 12.8 12.8 12.8z\" class=\"\"><\/path><\/svg><\/i> <img loading=\"lazy\" decoding=\"async\" width=\"16\" height=\"16\" alt=\"Loading\" src=\"https:\/\/stlanglade.fr\/wp-content\/plugins\/page-views-count\/ajax-loader-2x.gif\" border=0 \/><\/p><div class=\"pvc_clear\"><\/div>","protected":false},"excerpt":{"rendered":"<p>Saison 2025-2026 Tarifs d&rsquo;inscription \/ renouvellement (mise \u00e0 jour 2025) : Pour les saisons 2024-2025 et 2025-2026 les inscriptions sont encore ferm\u00e9es Renouvellement de cotisation Vous pouvez renouveller votre cotisation &hellip; <\/p>\n<p class=\"link-more\"><a href=\"https:\/\/stlanglade.fr\/?page_id=242\" class=\"more-link\">Continuer la lecture<span class=\"screen-reader-text\"> de &laquo;&nbsp;Tarif annuel club&nbsp;&raquo;<\/span><\/a><\/p>\n<div class=\"pvc_clear\"><\/div>\n<p id=\"pvc_stats_242\" class=\"pvc_stats all  \" data-element-id=\"242\" style=\"\"><i class=\"pvc-stats-icon medium\" aria-hidden=\"true\"><svg aria-hidden=\"true\" focusable=\"false\" data-prefix=\"far\" data-icon=\"chart-bar\" role=\"img\" xmlns=\"http:\/\/www.w3.org\/2000\/svg\" viewBox=\"0 0 512 512\" class=\"svg-inline--fa fa-chart-bar fa-w-16 fa-2x\"><path fill=\"currentColor\" d=\"M396.8 352h22.4c6.4 0 12.8-6.4 12.8-12.8V108.8c0-6.4-6.4-12.8-12.8-12.8h-22.4c-6.4 0-12.8 6.4-12.8 12.8v230.4c0 6.4 6.4 12.8 12.8 12.8zm-192 0h22.4c6.4 0 12.8-6.4 12.8-12.8V140.8c0-6.4-6.4-12.8-12.8-12.8h-22.4c-6.4 0-12.8 6.4-12.8 12.8v198.4c0 6.4 6.4 12.8 12.8 12.8zm96 0h22.4c6.4 0 12.8-6.4 12.8-12.8V204.8c0-6.4-6.4-12.8-12.8-12.8h-22.4c-6.4 0-12.8 6.4-12.8 12.8v134.4c0 6.4 6.4 12.8 12.8 12.8zM496 400H48V80c0-8.84-7.16-16-16-16H16C7.16 64 0 71.16 0 80v336c0 17.67 14.33 32 32 32h464c8.84 0 16-7.16 16-16v-16c0-8.84-7.16-16-16-16zm-387.2-48h22.4c6.4 0 12.8-6.4 12.8-12.8v-70.4c0-6.4-6.4-12.8-12.8-12.8h-22.4c-6.4 0-12.8 6.4-12.8 12.8v70.4c0 6.4 6.4 12.8 12.8 12.8z\" class=\"\"><\/path><\/svg><\/i> <img loading=\"lazy\" decoding=\"async\" width=\"16\" height=\"16\" alt=\"Loading\" src=\"https:\/\/stlanglade.fr\/wp-content\/plugins\/page-views-count\/ajax-loader-2x.gif\" border=0 \/><\/p>\n<div class=\"pvc_clear\"><\/div>\n","protected":false},"author":5,"featured_media":0,"parent":0,"menu_order":0,"comment_status":"closed","ping_status":"closed","template":"","meta":{"footnotes":""},"class_list":["post-242","page","type-page","status-publish","hentry"],"_links":{"self":[{"href":"https:\/\/stlanglade.fr\/index.php?rest_route=\/wp\/v2\/pages\/242","targetHints":{"allow":["GET"]}}],"collection":[{"href":"https:\/\/stlanglade.fr\/index.php?rest_route=\/wp\/v2\/pages"}],"about":[{"href":"https:\/\/stlanglade.fr\/index.php?rest_route=\/wp\/v2\/types\/page"}],"author":[{"embeddable":true,"href":"https:\/\/stlanglade.fr\/index.php?rest_route=\/wp\/v2\/users\/5"}],"replies":[{"embeddable":true,"href":"https:\/\/stlanglade.fr\/index.php?rest_route=%2Fwp%2Fv2%2Fcomments&post=242"}],"version-history":[{"count":22,"href":"https:\/\/stlanglade.fr\/index.php?rest_route=\/wp\/v2\/pages\/242\/revisions"}],"predecessor-version":[{"id":1188,"href":"https:\/\/stlanglade.fr\/index.php?rest_route=\/wp\/v2\/pages\/242\/revisions\/1188"}],"wp:attachment":[{"href":"https:\/\/stlanglade.fr\/index.php?rest_route=%2Fwp%2Fv2%2Fmedia&parent=242"}],"curies":[{"name":"wp","href":"https:\/\/api.w.org\/{rel}","templated":true}]}}