
{"id":246,"date":"2019-02-19T21:16:44","date_gmt":"2019-02-19T20:16:44","guid":{"rendered":"http:\/\/stlanglade.fr\/?page_id=246"},"modified":"2026-05-08T22:36:07","modified_gmt":"2026-05-08T20:36:07","slug":"demande-dadhesion-au-club","status":"publish","type":"page","link":"https:\/\/stlanglade.fr\/?page_id=246","title":{"rendered":"Demande d\u2019adh\u00e9sion au club"},"content":{"rendered":"\n<p class=\"has-text-align-center has-vivid-red-color has-text-color has-medium-font-size\"><strong>Toute demande d\u2019adh\u00e9sion doit \u00eatre parrain\u00e9e par un membre du club.<\/strong><\/p>\n\n\n\n<p class=\"has-text-align-center has-vivid-red-color has-text-color has-medium-font-size\"><strong><strong><strong>Actuellement les inscriptions au club sont ferm\u00e9es<\/strong><\/strong><\/strong>.<\/p>\n\n\n\n<p class=\"has-text-color\" style=\"color:#ffffff;font-size:1px\"> Soci\u00e9t\u00e9 de tir de Langlade Serge Boissier. Club de tir. Stand de Tir Langla<\/p>\n","protected":false},"excerpt":{"rendered":"<p>Toute demande d\u2019adh\u00e9sion doit \u00eatre parrain\u00e9e par un membre du club. Actuellement les inscriptions au club sont ferm\u00e9es. Soci\u00e9t\u00e9 de tir de Langlade Serge Boissier. Club de tir. Stand de &hellip; <\/p>\n<p class=\"link-more\"><a href=\"https:\/\/stlanglade.fr\/?page_id=246\" class=\"more-link\">Continuer la lecture<span class=\"screen-reader-text\"> de &laquo;&nbsp;Demande d\u2019adh\u00e9sion au club&nbsp;&raquo;<\/span><\/a><\/p>\n","protected":false},"author":5,"featured_media":0,"parent":0,"menu_order":0,"comment_status":"closed","ping_status":"closed","template":"","meta":{"footnotes":""},"class_list":["post-246","page","type-page","status-publish","hentry"],"_links":{"self":[{"href":"https:\/\/stlanglade.fr\/index.php?rest_route=\/wp\/v2\/pages\/246","targetHints":{"allow":["GET"]}}],"collection":[{"href":"https:\/\/stlanglade.fr\/index.php?rest_route=\/wp\/v2\/pages"}],"about":[{"href":"https:\/\/stlanglade.fr\/index.php?rest_route=\/wp\/v2\/types\/page"}],"author":[{"embeddable":true,"href":"https:\/\/stlanglade.fr\/index.php?rest_route=\/wp\/v2\/users\/5"}],"replies":[{"embeddable":true,"href":"https:\/\/stlanglade.fr\/index.php?rest_route=%2Fwp%2Fv2%2Fcomments&post=246"}],"version-history":[{"count":15,"href":"https:\/\/stlanglade.fr\/index.php?rest_route=\/wp\/v2\/pages\/246\/revisions"}],"predecessor-version":[{"id":1116,"href":"https:\/\/stlanglade.fr\/index.php?rest_route=\/wp\/v2\/pages\/246\/revisions\/1116"}],"wp:attachment":[{"href":"https:\/\/stlanglade.fr\/index.php?rest_route=%2Fwp%2Fv2%2Fmedia&parent=246"}],"curies":[{"name":"wp","href":"https:\/\/api.w.org\/{rel}","templated":true}]}}