
{"id":510,"date":"2019-03-18T20:55:36","date_gmt":"2019-03-18T19:55:36","guid":{"rendered":"http:\/\/stlanglade.fr\/?page_id=510"},"modified":"2021-01-04T21:52:04","modified_gmt":"2021-01-04T20:52:04","slug":"la-classification-des-armes","status":"publish","type":"page","link":"https:\/\/stlanglade.fr\/?page_id=510","title":{"rendered":"La classification des armes"},"content":{"rendered":"\n<p>Vous trouverez ci-dessous un document de la Chambre Syndicale Nationale des Armuriers qui regroupe toutes les informations pour vous aider \u00e0 trouver la cat\u00e9gorie d&rsquo;une arme selon la derni\u00e8re classification modifi\u00e9e par les d\u00e9crets du 29 juin 2018 et 20 d\u00e9cembre 2018<br><\/p>\n\n\n\n<div class=\"wp-block-file\"><a href=\"https:\/\/stlanglade.fr\/wp-content\/uploads\/2019\/03\/Tableau_reglementation_latest.docx\">Tableau de classification des armes<\/a><a href=\"https:\/\/stlanglade.fr\/wp-content\/uploads\/2019\/03\/Tableau_reglementation_latest.docx\" class=\"wp-block-file__button\" download>T\u00e9l\u00e9charger<\/a><\/div>\n\n\n\n<div style=\"height:47px\" aria-hidden=\"true\" class=\"wp-block-spacer\"><\/div>\n\n\n\n<p>Le Service Central des Armes a \u00e9galement \u00e9dit\u00e9 des infographies tr\u00e8s claires pour s&rsquo;y retrouver plus simplement dans la classification des Armes en France, sur le site du Minist\u00e8re de l&rsquo;Int\u00e9rieur (06\/2020) :<\/p>\n\n\n\n<figure class=\"wp-block-image size-large\"><a href=\"https:\/\/www.interieur.gouv.fr\/Le-ministere\/Secretariat-general\/Service-central-des-armes\/Les-clins-d-aeil-du-SCA\"><img loading=\"lazy\" decoding=\"async\" width=\"838\" height=\"773\" src=\"https:\/\/stlanglade.fr\/wp-content\/uploads\/2021\/01\/SCA-Classification-des-armes-a-feu-en-France.png\" alt=\"\" class=\"wp-image-898\" srcset=\"https:\/\/stlanglade.fr\/wp-content\/uploads\/2021\/01\/SCA-Classification-des-armes-a-feu-en-France.png 838w, https:\/\/stlanglade.fr\/wp-content\/uploads\/2021\/01\/SCA-Classification-des-armes-a-feu-en-France-300x277.png 300w, https:\/\/stlanglade.fr\/wp-content\/uploads\/2021\/01\/SCA-Classification-des-armes-a-feu-en-France-768x708.png 768w\" sizes=\"auto, (max-width: 767px) 89vw, (max-width: 1000px) 54vw, (max-width: 1071px) 543px, 580px\" \/><\/a><figcaption><a href=\"https:\/\/www.interieur.gouv.fr\/Le-ministere\/Secretariat-general\/Service-central-des-armes\/Les-clins-d-aeil-du-SCA\" data-type=\"URL\" data-id=\"https:\/\/www.interieur.gouv.fr\/Le-ministere\/Secretariat-general\/Service-central-des-armes\/Les-clins-d-aeil-du-SCA\">https:\/\/www.interieur.gouv.fr\/Le-ministere\/Secretariat-general\/Service-central-des-armes\/Les-clins-d-aeil-du-SCA<\/a><\/figcaption><\/figure>\n<div class=\"pvc_clear\"><\/div><p id=\"pvc_stats_510\" class=\"pvc_stats all  \" data-element-id=\"510\" style=\"\"><i class=\"pvc-stats-icon medium\" aria-hidden=\"true\"><svg aria-hidden=\"true\" focusable=\"false\" data-prefix=\"far\" data-icon=\"chart-bar\" role=\"img\" xmlns=\"http:\/\/www.w3.org\/2000\/svg\" viewBox=\"0 0 512 512\" class=\"svg-inline--fa fa-chart-bar fa-w-16 fa-2x\"><path fill=\"currentColor\" d=\"M396.8 352h22.4c6.4 0 12.8-6.4 12.8-12.8V108.8c0-6.4-6.4-12.8-12.8-12.8h-22.4c-6.4 0-12.8 6.4-12.8 12.8v230.4c0 6.4 6.4 12.8 12.8 12.8zm-192 0h22.4c6.4 0 12.8-6.4 12.8-12.8V140.8c0-6.4-6.4-12.8-12.8-12.8h-22.4c-6.4 0-12.8 6.4-12.8 12.8v198.4c0 6.4 6.4 12.8 12.8 12.8zm96 0h22.4c6.4 0 12.8-6.4 12.8-12.8V204.8c0-6.4-6.4-12.8-12.8-12.8h-22.4c-6.4 0-12.8 6.4-12.8 12.8v134.4c0 6.4 6.4 12.8 12.8 12.8zM496 400H48V80c0-8.84-7.16-16-16-16H16C7.16 64 0 71.16 0 80v336c0 17.67 14.33 32 32 32h464c8.84 0 16-7.16 16-16v-16c0-8.84-7.16-16-16-16zm-387.2-48h22.4c6.4 0 12.8-6.4 12.8-12.8v-70.4c0-6.4-6.4-12.8-12.8-12.8h-22.4c-6.4 0-12.8 6.4-12.8 12.8v70.4c0 6.4 6.4 12.8 12.8 12.8z\" class=\"\"><\/path><\/svg><\/i> <img loading=\"lazy\" decoding=\"async\" width=\"16\" height=\"16\" alt=\"Loading\" src=\"https:\/\/stlanglade.fr\/wp-content\/plugins\/page-views-count\/ajax-loader-2x.gif\" border=0 \/><\/p><div class=\"pvc_clear\"><\/div>","protected":false},"excerpt":{"rendered":"<p>Vous trouverez ci-dessous un document de la Chambre Syndicale Nationale des Armuriers qui regroupe toutes les informations pour vous aider \u00e0 trouver la cat\u00e9gorie d&rsquo;une arme selon la derni\u00e8re classification &hellip; <\/p>\n<p class=\"link-more\"><a href=\"https:\/\/stlanglade.fr\/?page_id=510\" class=\"more-link\">Continuer la lecture<span class=\"screen-reader-text\"> de &laquo;&nbsp;La classification des armes&nbsp;&raquo;<\/span><\/a><\/p>\n<div class=\"pvc_clear\"><\/div>\n<p id=\"pvc_stats_510\" class=\"pvc_stats all  \" data-element-id=\"510\" style=\"\"><i class=\"pvc-stats-icon medium\" aria-hidden=\"true\"><svg aria-hidden=\"true\" focusable=\"false\" data-prefix=\"far\" data-icon=\"chart-bar\" role=\"img\" xmlns=\"http:\/\/www.w3.org\/2000\/svg\" viewBox=\"0 0 512 512\" class=\"svg-inline--fa fa-chart-bar fa-w-16 fa-2x\"><path fill=\"currentColor\" d=\"M396.8 352h22.4c6.4 0 12.8-6.4 12.8-12.8V108.8c0-6.4-6.4-12.8-12.8-12.8h-22.4c-6.4 0-12.8 6.4-12.8 12.8v230.4c0 6.4 6.4 12.8 12.8 12.8zm-192 0h22.4c6.4 0 12.8-6.4 12.8-12.8V140.8c0-6.4-6.4-12.8-12.8-12.8h-22.4c-6.4 0-12.8 6.4-12.8 12.8v198.4c0 6.4 6.4 12.8 12.8 12.8zm96 0h22.4c6.4 0 12.8-6.4 12.8-12.8V204.8c0-6.4-6.4-12.8-12.8-12.8h-22.4c-6.4 0-12.8 6.4-12.8 12.8v134.4c0 6.4 6.4 12.8 12.8 12.8zM496 400H48V80c0-8.84-7.16-16-16-16H16C7.16 64 0 71.16 0 80v336c0 17.67 14.33 32 32 32h464c8.84 0 16-7.16 16-16v-16c0-8.84-7.16-16-16-16zm-387.2-48h22.4c6.4 0 12.8-6.4 12.8-12.8v-70.4c0-6.4-6.4-12.8-12.8-12.8h-22.4c-6.4 0-12.8 6.4-12.8 12.8v70.4c0 6.4 6.4 12.8 12.8 12.8z\" class=\"\"><\/path><\/svg><\/i> <img loading=\"lazy\" decoding=\"async\" width=\"16\" height=\"16\" alt=\"Loading\" src=\"https:\/\/stlanglade.fr\/wp-content\/plugins\/page-views-count\/ajax-loader-2x.gif\" border=0 \/><\/p>\n<div class=\"pvc_clear\"><\/div>\n","protected":false},"author":1,"featured_media":0,"parent":0,"menu_order":0,"comment_status":"closed","ping_status":"closed","template":"","meta":{"footnotes":""},"class_list":["post-510","page","type-page","status-publish","hentry"],"_links":{"self":[{"href":"https:\/\/stlanglade.fr\/index.php?rest_route=\/wp\/v2\/pages\/510","targetHints":{"allow":["GET"]}}],"collection":[{"href":"https:\/\/stlanglade.fr\/index.php?rest_route=\/wp\/v2\/pages"}],"about":[{"href":"https:\/\/stlanglade.fr\/index.php?rest_route=\/wp\/v2\/types\/page"}],"author":[{"embeddable":true,"href":"https:\/\/stlanglade.fr\/index.php?rest_route=\/wp\/v2\/users\/1"}],"replies":[{"embeddable":true,"href":"https:\/\/stlanglade.fr\/index.php?rest_route=%2Fwp%2Fv2%2Fcomments&post=510"}],"version-history":[{"count":9,"href":"https:\/\/stlanglade.fr\/index.php?rest_route=\/wp\/v2\/pages\/510\/revisions"}],"predecessor-version":[{"id":905,"href":"https:\/\/stlanglade.fr\/index.php?rest_route=\/wp\/v2\/pages\/510\/revisions\/905"}],"wp:attachment":[{"href":"https:\/\/stlanglade.fr\/index.php?rest_route=%2Fwp%2Fv2%2Fmedia&parent=510"}],"curies":[{"name":"wp","href":"https:\/\/api.w.org\/{rel}","templated":true}]}}