
{"id":775,"date":"2020-01-14T19:04:49","date_gmt":"2020-01-14T18:04:49","guid":{"rendered":"https:\/\/stlanglade.fr\/?page_id=775"},"modified":"2020-01-14T19:04:50","modified_gmt":"2020-01-14T18:04:50","slug":"politique-de-protection-des-donnees","status":"publish","type":"page","link":"https:\/\/stlanglade.fr\/?page_id=775","title":{"rendered":"Politique de protection des donn\u00e9es"},"content":{"rendered":"\n<h2 class=\"wp-block-heading\">Traitement des donn\u00e9es personnelles<\/h2>\n\n\n<p>Le respect, la transparence et la confiance sont des valeurs tr\u00e8s importantes pour la STL. Nous travaillons chaque jour pour traiter les donn\u00e9es personnelles de nos adh\u00e9rents, de nos partenaires et de nos fournisseurs selon les principes de cette l\u00e9gislation et nous prenons toutes les pr\u00e9cautions utiles afin de pr\u00e9server l&rsquo;int\u00e9grit\u00e9 des donn\u00e9es, leur confidentialit\u00e9 et emp\u00eacher toute communication \u00e0 des tiers non autoris\u00e9s.<\/p>\n<p>De fait, la STL s&rsquo;engage \u00e0 prot\u00e9ger la s\u00e9curit\u00e9, la confidentialit\u00e9 et l&rsquo;int\u00e9grit\u00e9 des donn\u00e9es personnelles de ses adh\u00e9rents. Seules les fonctions de Pr\u00e9sident, Vice-Pr\u00e9sident, secr\u00e9taire, tr\u00e9sorier ont acc\u00e8s \u00e0 ces donn\u00e9es qui servent, en particulier, \u00e0 renseigner l\u2019application informatique \u00ab\u00a0ITAC pro\u00a0\u00bb de la FFTir.<\/p>\n<p>La STL s\u2019engage \u00e0 ne pas publier ces informations nominatives sauf demande expresses et motiv\u00e9es par les institutions.<\/p>\n<p>Tout membre de la STL peut exercer un droit d\u2019acc\u00e8s et de rectification selon les dispositions de la Loi Informatique et libert\u00e9s du 6 janvier 1978.<\/p>\n<p>Pour exercer ce droit et obtenir communication des informations, contacter le pr\u00e9sident de la Soci\u00e9t\u00e9 de Tir de Langlade \u00ab Serge BOISSIER \u00bb en \u00e9crivant \u00e0 <img loading=\"lazy\" decoding=\"async\" class=\"alignnone size-full wp-image-779\" src=\"https:\/\/stlanglade.fr\/wp-content\/uploads\/2020\/01\/adr-1.jpg\" alt=\"\" width=\"235\" height=\"23\" \/> ou au si\u00e8ge de l\u2019association.<\/p>\n\n\n<h2 class=\"wp-block-heading\"> Syst\u00e8me de vid\u00e9oprotection<\/h2>\n\n\n<p>Les installations de la STL sont surveill\u00e9es par un syst\u00e8me de vid\u00e9oprotection. Des cam\u00e9ras sont install\u00e9es \u00e0 des fins de s\u00e9curit\u00e9 des biens et des personnes.<\/p>\n<p>Les prises des vues sont enregistr\u00e9es et conserv\u00e9es durant 14j jours glissants. Pass\u00e9 ce d\u00e9lai, les enregistrements s\u2019autod\u00e9truisent automatiquement.<\/p>\n<p>Des panneaux d\u2019information plac\u00e9s \u00e0 la fois sur la cl\u00f4ture et dans nos installations avertissent de la pr\u00e9sence de ce syst\u00e8me.<\/p>\n<p>Les prises de vues peuvent \u00eatre visionn\u00e9es, en cas d\u2019incident, par le personnel habilit\u00e9 et par les forces de l\u2019ordre. Si de telles proc\u00e9dures doivent \u00eatre engag\u00e9es, apr\u00e8s consignation de cette op\u00e9ration dans un cahier sp\u00e9cifique, les images extraites seront conserv\u00e9es pour la dur\u00e9e de la proc\u00e9dure.<\/p>\n<p>Tout membre de la STL, invit\u00e9, partenaire, fournisseur peut exercer un droit d\u2019acc\u00e8s aux images enregistr\u00e9es qui les concerne selon les dispositions Informatiques et Libert\u00e9s.<\/p>\n<p>Pour toute information sur ce dispositif, contacter le pr\u00e9sident de la Soci\u00e9t\u00e9 de Tir de Langlade \u00ab Serge BOISSIER \u00bb en \u00e9crivant \u00e0 <img loading=\"lazy\" decoding=\"async\" class=\"alignnone size-full wp-image-779\" src=\"https:\/\/stlanglade.fr\/wp-content\/uploads\/2020\/01\/adr-1.jpg\" alt=\"\" width=\"235\" height=\"23\" \/>ou au si\u00e8ge de l\u2019association.<\/p>\n<p>Les personnes d\u00e9clar\u00e9es habilit\u00e9es \u00e0 visionner les images sont celles qui occupent les fonctions suivantes dans l\u2019association\u00a0: le pr\u00e9sident du club, un des 2 vice-pr\u00e9sident et le responsable informatique.<\/p>\n\n\n<p><\/p>\n<div class=\"pvc_clear\"><\/div><p id=\"pvc_stats_775\" class=\"pvc_stats all  \" data-element-id=\"775\" style=\"\"><i class=\"pvc-stats-icon medium\" aria-hidden=\"true\"><svg aria-hidden=\"true\" focusable=\"false\" data-prefix=\"far\" data-icon=\"chart-bar\" role=\"img\" xmlns=\"http:\/\/www.w3.org\/2000\/svg\" viewBox=\"0 0 512 512\" class=\"svg-inline--fa fa-chart-bar fa-w-16 fa-2x\"><path fill=\"currentColor\" d=\"M396.8 352h22.4c6.4 0 12.8-6.4 12.8-12.8V108.8c0-6.4-6.4-12.8-12.8-12.8h-22.4c-6.4 0-12.8 6.4-12.8 12.8v230.4c0 6.4 6.4 12.8 12.8 12.8zm-192 0h22.4c6.4 0 12.8-6.4 12.8-12.8V140.8c0-6.4-6.4-12.8-12.8-12.8h-22.4c-6.4 0-12.8 6.4-12.8 12.8v198.4c0 6.4 6.4 12.8 12.8 12.8zm96 0h22.4c6.4 0 12.8-6.4 12.8-12.8V204.8c0-6.4-6.4-12.8-12.8-12.8h-22.4c-6.4 0-12.8 6.4-12.8 12.8v134.4c0 6.4 6.4 12.8 12.8 12.8zM496 400H48V80c0-8.84-7.16-16-16-16H16C7.16 64 0 71.16 0 80v336c0 17.67 14.33 32 32 32h464c8.84 0 16-7.16 16-16v-16c0-8.84-7.16-16-16-16zm-387.2-48h22.4c6.4 0 12.8-6.4 12.8-12.8v-70.4c0-6.4-6.4-12.8-12.8-12.8h-22.4c-6.4 0-12.8 6.4-12.8 12.8v70.4c0 6.4 6.4 12.8 12.8 12.8z\" class=\"\"><\/path><\/svg><\/i> <img loading=\"lazy\" decoding=\"async\" width=\"16\" height=\"16\" alt=\"Loading\" src=\"https:\/\/stlanglade.fr\/wp-content\/plugins\/page-views-count\/ajax-loader-2x.gif\" border=0 \/><\/p><div class=\"pvc_clear\"><\/div>","protected":false},"excerpt":{"rendered":"<p>Traitement des donn\u00e9es personnelles Le respect, la transparence et la confiance sont des valeurs tr\u00e8s importantes pour la STL. Nous travaillons chaque jour pour traiter les donn\u00e9es personnelles de nos &hellip; <\/p>\n<p class=\"link-more\"><a href=\"https:\/\/stlanglade.fr\/?page_id=775\" class=\"more-link\">Continuer la lecture<span class=\"screen-reader-text\"> de &laquo;&nbsp;Politique de protection des donn\u00e9es&nbsp;&raquo;<\/span><\/a><\/p>\n<div class=\"pvc_clear\"><\/div>\n<p id=\"pvc_stats_775\" class=\"pvc_stats all  \" data-element-id=\"775\" style=\"\"><i class=\"pvc-stats-icon medium\" aria-hidden=\"true\"><svg aria-hidden=\"true\" focusable=\"false\" data-prefix=\"far\" data-icon=\"chart-bar\" role=\"img\" xmlns=\"http:\/\/www.w3.org\/2000\/svg\" viewBox=\"0 0 512 512\" class=\"svg-inline--fa fa-chart-bar fa-w-16 fa-2x\"><path fill=\"currentColor\" d=\"M396.8 352h22.4c6.4 0 12.8-6.4 12.8-12.8V108.8c0-6.4-6.4-12.8-12.8-12.8h-22.4c-6.4 0-12.8 6.4-12.8 12.8v230.4c0 6.4 6.4 12.8 12.8 12.8zm-192 0h22.4c6.4 0 12.8-6.4 12.8-12.8V140.8c0-6.4-6.4-12.8-12.8-12.8h-22.4c-6.4 0-12.8 6.4-12.8 12.8v198.4c0 6.4 6.4 12.8 12.8 12.8zm96 0h22.4c6.4 0 12.8-6.4 12.8-12.8V204.8c0-6.4-6.4-12.8-12.8-12.8h-22.4c-6.4 0-12.8 6.4-12.8 12.8v134.4c0 6.4 6.4 12.8 12.8 12.8zM496 400H48V80c0-8.84-7.16-16-16-16H16C7.16 64 0 71.16 0 80v336c0 17.67 14.33 32 32 32h464c8.84 0 16-7.16 16-16v-16c0-8.84-7.16-16-16-16zm-387.2-48h22.4c6.4 0 12.8-6.4 12.8-12.8v-70.4c0-6.4-6.4-12.8-12.8-12.8h-22.4c-6.4 0-12.8 6.4-12.8 12.8v70.4c0 6.4 6.4 12.8 12.8 12.8z\" class=\"\"><\/path><\/svg><\/i> <img loading=\"lazy\" decoding=\"async\" width=\"16\" height=\"16\" alt=\"Loading\" src=\"https:\/\/stlanglade.fr\/wp-content\/plugins\/page-views-count\/ajax-loader-2x.gif\" border=0 \/><\/p>\n<div class=\"pvc_clear\"><\/div>\n","protected":false},"author":1,"featured_media":0,"parent":0,"menu_order":0,"comment_status":"closed","ping_status":"closed","template":"","meta":{"footnotes":""},"class_list":["post-775","page","type-page","status-publish","hentry"],"_links":{"self":[{"href":"https:\/\/stlanglade.fr\/index.php?rest_route=\/wp\/v2\/pages\/775","targetHints":{"allow":["GET"]}}],"collection":[{"href":"https:\/\/stlanglade.fr\/index.php?rest_route=\/wp\/v2\/pages"}],"about":[{"href":"https:\/\/stlanglade.fr\/index.php?rest_route=\/wp\/v2\/types\/page"}],"author":[{"embeddable":true,"href":"https:\/\/stlanglade.fr\/index.php?rest_route=\/wp\/v2\/users\/1"}],"replies":[{"embeddable":true,"href":"https:\/\/stlanglade.fr\/index.php?rest_route=%2Fwp%2Fv2%2Fcomments&post=775"}],"version-history":[{"count":3,"href":"https:\/\/stlanglade.fr\/index.php?rest_route=\/wp\/v2\/pages\/775\/revisions"}],"predecessor-version":[{"id":780,"href":"https:\/\/stlanglade.fr\/index.php?rest_route=\/wp\/v2\/pages\/775\/revisions\/780"}],"wp:attachment":[{"href":"https:\/\/stlanglade.fr\/index.php?rest_route=%2Fwp%2Fv2%2Fmedia&parent=775"}],"curies":[{"name":"wp","href":"https:\/\/api.w.org\/{rel}","templated":true}]}}

Politique de protection des données

<h2 class="wp-block-heading">Traitement des données personnelles</h2>


<p>Le respect, la transparence et la confiance sont des valeurs très importantes pour la STL. Nous travaillons chaque jour pour traiter les données personnelles de nos adhérents, de nos partenaires et de nos fournisseurs selon les principes de cette législation et nous prenons toutes les précautions utiles afin de préserver l&rsquo;intégrité des données, leur confidentialité et empêcher toute communication à des tiers non autorisés.</p>
<p>De fait, la STL s&rsquo;engage à protéger la sécurité, la confidentialité et l&rsquo;intégrité des données personnelles de ses adhérents. Seules les fonctions de Président, Vice-Président, secrétaire, trésorier ont accès à ces données qui servent, en particulier, à renseigner l’application informatique « ITAC pro » de la FFTir.</p>
<p>La STL s’engage à ne pas publier ces informations nominatives sauf demande expresses et motivées par les institutions.</p>
<p>Tout membre de la STL peut exercer un droit d’accès et de rectification selon les dispositions de la Loi Informatique et libertés du 6 janvier 1978.</p>
<p>Pour exercer ce droit et obtenir communication des informations, contacter le président de la Société de Tir de Langlade « Serge BOISSIER » en écrivant à <img loading="lazy" decoding="async" class="alignnone size-full wp-image-779" src="https://stlanglade.fr/wp-content/uploads/2020/01/adr-1.jpg" alt="" width="235" height="23" /> ou au siège de l’association.</p>


<h2 class="wp-block-heading"> Système de vidéoprotection</h2>


<p>Les installations de la STL sont surveillées par un système de vidéoprotection. Des caméras sont installées à des fins de sécurité des biens et des personnes.</p>
<p>Les prises des vues sont enregistrées et conservées durant 14j jours glissants. Passé ce délai, les enregistrements s’autodétruisent automatiquement.</p>
<p>Des panneaux d’information placés à la fois sur la clôture et dans nos installations avertissent de la présence de ce système.</p>
<p>Les prises de vues peuvent être visionnées, en cas d’incident, par le personnel habilité et par les forces de l’ordre. Si de telles procédures doivent être engagées, après consignation de cette opération dans un cahier spécifique, les images extraites seront conservées pour la durée de la procédure.</p>
<p>Tout membre de la STL, invité, partenaire, fournisseur peut exercer un droit d’accès aux images enregistrées qui les concerne selon les dispositions Informatiques et Libertés.</p>
<p>Pour toute information sur ce dispositif, contacter le président de la Société de Tir de Langlade « Serge BOISSIER » en écrivant à <img loading="lazy" decoding="async" class="alignnone size-full wp-image-779" src="https://stlanglade.fr/wp-content/uploads/2020/01/adr-1.jpg" alt="" width="235" height="23" />ou au siège de l’association.</p>
<p>Les personnes déclarées habilitées à visionner les images sont celles qui occupent les fonctions suivantes dans l’association : le président du club, un des 2 vice-président et le responsable informatique.</p>


<p></p>
<div class="pvc_clear"></div><p id="pvc_stats_775" class="pvc_stats all  " data-element-id="775" style=""><i class="pvc-stats-icon medium" aria-hidden="true"><svg aria-hidden="true" focusable="false" data-prefix="far" data-icon="chart-bar" role="img" xmlns="http://www.w3.org/2000/svg" viewBox="0 0 512 512" class="svg-inline--fa fa-chart-bar fa-w-16 fa-2x"><path fill="currentColor" d="M396.8 352h22.4c6.4 0 12.8-6.4 12.8-12.8V108.8c0-6.4-6.4-12.8-12.8-12.8h-22.4c-6.4 0-12.8 6.4-12.8 12.8v230.4c0 6.4 6.4 12.8 12.8 12.8zm-192 0h22.4c6.4 0 12.8-6.4 12.8-12.8V140.8c0-6.4-6.4-12.8-12.8-12.8h-22.4c-6.4 0-12.8 6.4-12.8 12.8v198.4c0 6.4 6.4 12.8 12.8 12.8zm96 0h22.4c6.4 0 12.8-6.4 12.8-12.8V204.8c0-6.4-6.4-12.8-12.8-12.8h-22.4c-6.4 0-12.8 6.4-12.8 12.8v134.4c0 6.4 6.4 12.8 12.8 12.8zM496 400H48V80c0-8.84-7.16-16-16-16H16C7.16 64 0 71.16 0 80v336c0 17.67 14.33 32 32 32h464c8.84 0 16-7.16 16-16v-16c0-8.84-7.16-16-16-16zm-387.2-48h22.4c6.4 0 12.8-6.4 12.8-12.8v-70.4c0-6.4-6.4-12.8-12.8-12.8h-22.4c-6.4 0-12.8 6.4-12.8 12.8v70.4c0 6.4 6.4 12.8 12.8 12.8z" class=""></path></svg></i> <img loading="lazy" decoding="async" width="16" height="16" alt="Loading" src="https://stlanglade.fr/wp-content/plugins/page-views-count/ajax-loader-2x.gif" border=0 /></p><div class="pvc_clear"></div>

<p>Traitement des données personnelles Le respect, la transparence et la confiance sont des valeurs très importantes pour la STL. Nous travaillons chaque jour pour traiter les données personnelles de nos &hellip; </p>
<p class="link-more"><a href="https://stlanglade.fr/?page_id=775" class="more-link">Continuer la lecture<span class="screen-reader-text"> de &laquo;&nbsp;Politique de protection des données&nbsp;&raquo;</span></a></p>
<div class="pvc_clear"></div>
<p id="pvc_stats_775" class="pvc_stats all  " data-element-id="775" style=""><i class="pvc-stats-icon medium" aria-hidden="true"><svg aria-hidden="true" focusable="false" data-prefix="far" data-icon="chart-bar" role="img" xmlns="http://www.w3.org/2000/svg" viewBox="0 0 512 512" class="svg-inline--fa fa-chart-bar fa-w-16 fa-2x"><path fill="currentColor" d="M396.8 352h22.4c6.4 0 12.8-6.4 12.8-12.8V108.8c0-6.4-6.4-12.8-12.8-12.8h-22.4c-6.4 0-12.8 6.4-12.8 12.8v230.4c0 6.4 6.4 12.8 12.8 12.8zm-192 0h22.4c6.4 0 12.8-6.4 12.8-12.8V140.8c0-6.4-6.4-12.8-12.8-12.8h-22.4c-6.4 0-12.8 6.4-12.8 12.8v198.4c0 6.4 6.4 12.8 12.8 12.8zm96 0h22.4c6.4 0 12.8-6.4 12.8-12.8V204.8c0-6.4-6.4-12.8-12.8-12.8h-22.4c-6.4 0-12.8 6.4-12.8 12.8v134.4c0 6.4 6.4 12.8 12.8 12.8zM496 400H48V80c0-8.84-7.16-16-16-16H16C7.16 64 0 71.16 0 80v336c0 17.67 14.33 32 32 32h464c8.84 0 16-7.16 16-16v-16c0-8.84-7.16-16-16-16zm-387.2-48h22.4c6.4 0 12.8-6.4 12.8-12.8v-70.4c0-6.4-6.4-12.8-12.8-12.8h-22.4c-6.4 0-12.8 6.4-12.8 12.8v70.4c0 6.4 6.4 12.8 12.8 12.8z" class=""></path></svg></i> <img loading="lazy" decoding="async" width="16" height="16" alt="Loading" src="https://stlanglade.fr/wp-content/plugins/page-views-count/ajax-loader-2x.gif" border=0 /></p>
<div class="pvc_clear"></div>
